 factors of a.
3
Let d be 4 - ((-5 - -8) + (-2)/1). Let h be 1/3*d*(-24)/(-6). What are the prime factors of (2/h)/((-3)/(-864)*4)?
2, 3
Let c = 31743 - 14584. List the prime factors of c.
17159
Let o = 67 + -67. Suppose o*g = 3*g + 4*w - 13, 2*g - 11 = -5*w. Suppose -2*q + 477 = g*x + 90, 0 = 2*x + 6. List the prime factors of q.
2, 3, 11
Suppose u - 31047 = -5*i - 7275, -u + 3*i + 23804 = 0. Suppose -4390 = -22*s + u. What are the prime factors of s?
3, 7, 61
Suppose -t = 3*o + t - 22, -5*t - 37 = -4*o. Suppose o*p = 9*p + 44. Let y = -12 - p. List the prime factors of y.
2
Suppose 3*d + 14245 = i - 33822, -9 = d. List the prime factors of i.
2, 5, 1201
Let i be 1/((-2)/(-96)*-4). What are the prime factors of (85/(-3) + 4)*i?
2, 73
Suppose -35*s = -571239 - 845736. What are the prime factors of s?
3, 5, 2699
What are the prime factors of ((-124350)/40)/((-21)/196)?
5, 7, 829
Let v(w) = 2*w**2 - w + 43*w**3 + 26*w**3 - 15*w**3. What are the prime factors of v(1)?
5, 11
Let d be 10/(6/39 + (-40)/(-585)). Let y(q) = -q**2 + 53*q + 54. What are the prime factors of y(d)?
2, 3, 23
Let k(d) = -43*d**2 + 2*d - 26. Let h(t) = -22*t**2 - 13. Let n(q) = -5*h(q) + 3*k(q). Let p be n(6). List the prime factors of 30/45 + p/(-3).
13, 17
Let a = -18729 + 64008. List the prime factors of a.
3, 13, 43
Let t(h) = -4*h**2 + 39*h - 149. Let y be t(6). Let c be (1 - 2) + -2 + 105. Let n = y + c. What are the prime factors of n?
43
Let q be ((-3)/12*0)/(-2). Suppose q = 34*i - 3*i - 5828. List the prime factors of i.
2, 47
Suppose s + 273 = -18. Let v = s - -133. Let p = 342 + v. What are the prime factors of p?
2, 23
Let x be 1*(1 + 0) - (-1 - 322). Let a(t) = 9*t - 16. Let b be a(4). Suppose -3*w + x = -5*m - b, 2*w + 2*m - 240 = 0. List the prime factors of w.
2, 59
Let m = -73 + 75. Let v(x) = 40 + x**m - 4 - 2*x + 9*x. List the prime factors of v(-15).
2, 3, 13
Let b(c) = 16*c - 30. Let j be b(12). Suppose 5*f + 99 = -q, -2*q - 4*f - j = 66. Let v = q + 313. What are the prime factors of v?
3, 7
Let k = 90 - 194. Let a = -72 - k. Suppose 9*v = v + a. What are the prime factors of v?
2
Suppose -4*a + 64 = -0*a. Suppose 0 = -p + 4*u - 0*u + 16, 0 = -3*p + 5*u + 20. Suppose 4*y - a + 4 = p. What are the prime factors of y?
3
Let p = -27492 - -48731. List the prime factors of p.
67, 317
Let n(t) = -t + 7. Let a(q) = -q**2 - 2*q + 11. Let h be a(-4). Let l be n(h). Suppose l*y + f = -f + 372, -3*f = -2*y + 194. List the prime factors of y.
2, 47
Suppose 3*c - 1974 - 1613 = -5*i, 2*i = -4*c + 4778. What are the prime factors of c?
2, 3, 199
Suppose -2 = -4*s - 5*y, 7*y = 6*y + 2. Let r(p) = 14*p - 3. Let b(i) = 55*i - 11. Let k(f) = 2*b(f) - 9*r(f). What are the prime factors of k(s)?
37
Let x be (-5023)/(-2) - ((-10)/(-4))/5. Suppose g - 15 = 4*g. List the prime factors of (12/g)/(-3 - x/(-840)).
2, 7
Suppose 5*b + 427405 = 24*b. What are the prime factors of b?
5, 11, 409
Let z = 60897 + -15876. List the prime factors of z.
3, 43, 349
Suppose 6057 = 2*g - 5*j, 15*j - 12156 = -4*g + 11*j. List the prime factors of g.
2, 3, 11, 23
Suppose -76*y - y + 816650 - 322618 = 0. List the prime factors of y.
2, 401
Suppose 2*o = -3*f + 7, 3*o - 14 = o + 4*f. Let x(k) = k**2 + 2*k - 9. Let h be x(o). Let j = h - 2. List the prime factors of j.
2, 3
Let h = 36 - 34. Suppose 5*g - h*r + 278 = -340, -2*r + 370 = -3*g. List the prime factors of g*(2 - (-15)/(-6)).
2, 31
Let y be 29 + 4/6*36/8. Suppose -y = -5*w + 4*k, 5*w - k = 4*k + 35. What are the prime factors of w/1*15/1?
2, 3, 5
Suppose 4*o + 8380 = -4*k + 7*o, 5*o - 8372 = 4*k. List the prime factors of (3/2)/((-3)/k).
1049
Suppose -130 = -5*q - 2*f, 5*f = q - 0*f - 53. Suppose 0 = -m + 5*o + 29, -3*m + 4*o + q + 4 = 0. Suppose -m*j = -55 - 9. What are the prime factors of j?
2
Let x be (-3 - 1)*(-26 + 28)*-188. Suppose 354 = -23*j + x. List the prime factors of j.
2, 5
Let b be -7*((-11)/9 - (-4)/18). Let r(s) = 7*s - 2*s + b*s + 3 - 3*s. What are the prime factors of r(7)?
2, 3, 11
Let h = 52234 + -22920. List the prime factors of h.
2, 14657
Let a = 69281 - 26712. List the prime factors of a.
42569
Let t(h) = 25 - 14*h - 36*h + 63*h. Let z be t(-7). Let x = z + 117. What are the prime factors of x?
3, 17
Let b = 299 + 116. Suppose 88*r - b = 87*r. What are the prime factors of r?
5, 83
Suppose -3*t = 7*s - 2*s - 13910, 0 = -s - t + 2784. Suppose 35*m - 42*m + s = 0. What are the prime factors of m?
397
Suppose 0 = -0*h - 4*h + 2*u - 786, 5*h - 3*u = -981. Let f = h + 68. Let p = f - -224. List the prime factors of p.
2, 47
Let q(d) = d**3 - 13*d**2 + 16*d - 29. Let k be q(12). Suppose -13*j = -k*j. Let u(p) = p**3 - 3*p**2 + p + 14. List the prime factors of u(j).
2, 7
Suppose -2*z + 1 + 17 = 3*w, -4*z + 3*w + 54 = 0. Suppose 0 = -h + 15*h - 2142. Suppose q = o - z - 21, -5*o = -q - h. List the prime factors of o.
2, 3, 5
Let o(s) = -9*s + 49. Let v(i) = -14*i + 73. Let u be (0 + -5)*(2 + 102/(-30)). Let y(t) = u*o(t) - 5*v(t). What are the prime factors of y(7)?
3
Let a be (-4)/(4/(-2)) - -2. Suppose 0 = f - 2*m + 3*m - a, -5*f = -2*m - 41. Suppose -1520 = -f*w - 3*w. List the prime factors of w.
2, 19
Let k = -5961 - -9912. List the prime factors of k.
3, 439
Suppose 2*o - 17*o - 5*o = -413880. What are the prime factors of o?
2, 3, 3449
Let a(s) = s**2 - 8*s - 48. Let d be a(12). Suppose 0 = -2*m - j - 264, d*m - 4*j + 647 = -5*m. What are the prime factors of -8 + 6 + (m + 1)/(-1)?
2
What are the prime factors of ((-5)/3)/(((-65)/(-28806))/(-13))?
2, 4801
Let p = -60 + 359. Suppose 5*n = -5*d + 870, -906 = 3*d - 8*d + 4*n. Let q = p - d. List the prime factors of q.
11
Let g(i) = -12*i**2 + 12*i + 91. Let x be g(-6). List the prime factors of (-236)/x + (1 - (-9946)/14).
2, 89
What are the prime factors of (5525 + (-1 - 0))*9/216*54?
3, 1381
Let n(c) = -3*c**3 + 23*c**2 - c + 6. Let s(z) = -4*z**3 + 22*z**2 - z + 4. Let o(d) = -5*n(d) + 6*s(d). What are the prime factors of o(-4)?
2, 3, 47
Suppose -4*m + 59109 = k, 0 = -5*m + 5*k + 50520 + 23335. List the prime factors of m.
2, 1847
Let i(h) = h**3 + 8*h**2 + 3*h + 2. Let s(x) = x - 18. Let z be s(16). Let o be z/5*(24 + -9). List the prime factors of i(o).
2, 7
Let g = 214 + -212. Suppose 2668 = g*w + 3*w - 2*f, 2*f - 1604 = -3*w. List the prime factors of w.
2, 3, 89
Let c(o) = -3*o + 30. Let v be c(-9). Let g = v - 52. Suppose 16 + g = j. List the prime factors of j.
3, 7
Suppose 110 = 6*f - 58. Let r = 40 - f. Suppose 5*j + 527 - 1756 = -4*s, 0 = -3*s - r. List the prime factors of j.
3, 83
Let t be (4*9/(-2))/(12/(-8)). Suppose -t*p - 1421 = -19*p. Let m = 47 + p. What are the prime factors of m?
2, 5
Let i be (6/33*11)/((-1)/(-323)). Let h = i + -69. What are the prime factors of h?
577
Let c(p) = p**3 - 24*p**2 + 22*p + 53. Let f = -141 + 165. What are the prime factors of c(f)?
7, 83
Let m(b) = -b + 47. Let h be m(0). Suppose 21*y + 13 = 24*y + x, 4*y = 3*x + 26. Suppose y*d - h = 4*d. What are the prime factors of d?
47
Suppose 0 = -5*a + 3*o + 7952, 0 = 12*o - 8*o + 16. List the prime factors of a.
2, 397
Suppose -126204 = -3*n - 5*c, 63*n - 67*n + 168304 = -4*c. What are the prime factors of n?
42073
Suppose -10 = -2*v, -i - 2*v - 160 = -0*v. Let p = -105 - i. List the prime factors of p.
5, 13
Suppose 240 = 4*x + 11*x. Let p be 4/(-2) + 2*2. Suppose 38 = p*z - x. What are the prime factors of z?
3
Suppose -4*q - 5*b + 9 = -3*q, -8 = -2*q - 5*b. Let x be (40/(-25))/(q/10). What are the prime factors of 165*(x/40 - 1/(-5))?
3, 11
List the prime factors of (788 - (8 - 4))*42/8.
2, 3, 7
Let m(l) = -710*l**3 - 7*l**2 - 31*l - 50. What are the prime factors of m(-3)?
2, 5, 383
Let l(r) = 40*r - 426. Let q be l(-13). Suppose 7*i - 3*i = 128. List the prime factors of i/(-56) - q/14.
67
Suppose 15*o + 3*o - 342 = 0. Suppose 26*y = o*y + 3150. What are the prime factors of y?
2, 3, 5
Suppose 1095731 = 541*u - 450*u. List the prime factors of u.
12041
Let h = -6824 + 43510. What are the prime factors of h?
2, 13, 17, 83
Let x(s) = -s**2 - 32*s + 33. Let g be x(-33). Suppose -c + 3*i = -g*c - 337, 0 = -4*c - 5*i + 1433. What are the prime factors of c?
2, 11
Suppose 4*w = -3*b + 40174, 0 = -2*b + 4*w + 3889 + 22927. List the prime factors of b.
2, 3, 7, 11